) = 6*v**2 - v - 1. Determine p(1).
4
Let r(n) = 6*n - 153. Give r(26).
3
Let j(n) = n**3 - 2*n**2 - 3*n + 2. Give j(-3).
-34
Let p(o) = o**2 + 13*o + 11. Determine p(0).
11
Let x(k) = -2*k**2 + 25*k + 11. Calculate x(13).
-2
Let a(u) = 4*u + 4. Determine a(-6).
-20
Let j(x) = x**2 - 6*x - 28. Calculate j(-3).
-1
Let g(x) = -x**2 + 2*x + 4. Calculate g(-4).
-20
Let m(q) = 17*q + 142. Determine m(-8).
6
Let q(d) = d**2 + 183*d + 1067. Determine q(-6).
5
Let w(o) = -20*o + 81. Calculate w(4).
1
Let r(i) = 3*i + 15. Determine r(-9).
-12
Let c(l) = -3*l + 82. Calculate c(0).
82
Let m(c) = c + 2. Calculate m(-7).
-5
Let p(d) = d**3 + 28*d**2 + 27*d + 10. Determine p(-27).
10
Let w(m) = -8*m + 7. What is w(5)?
-33
Let c(y) = -y**3 + 6*y**2 + 21*y + 10. What is c(10)?
-180
Let l(a) = -a**3 - 5*a**2 - 2*a. Determine l(-2).
-8
Let j(h) = 21*h + 5. What is j(-1)?
-16
Let l(d) = 2*d**2 - 18*d + 32. What is l(6)?
-4
Let a(m) = 4*m**2 - 19*m - 8. Give a(6).
22
Let v(n) = 28*n - 22. What is v(2)?
34
Let f(h) = h**2 + 13*h - 191. Give f(-22).
7
Let q(n) = n**2 - 3*n - 3. Determine q(-2).
7
Let y(m) = -m**2 - 6*m + 3. Give y(-4).
11
Let t(o) = o**2 - o. Calculate t(-2).
6
Let w(i) = -i**3 - 11*i**2 - 10*i - 1. What is w(-10)?
-1
Let d(l) = -16*l + 2. What is d(-9)?
146
Let i(b) = -b**3 + 6*b**2 + 5*b + 10. What is i(6)?
40
Let v(i) = i - 4. Calculate v(8).
4
Let u(t) = -2*t**2 + 16*t - 1. What is u(8)?
-1
Let g(n) = 2*n**2 + 51*n - 4. Give g(-25).
-29
Let v(i) = -i**3 + 8*i**2 - 8*i + 15. Determine v(7).
8
Let w(p) = p**3 + 7*p**2 + 5*p - 7. Give w(-5).
18
Let o(m) = -m**3 - 13*m**2 + 7*m - 11. What is o(-13)?
-102
Let w(q) = -q**2 + 9*q + 3. Determine w(12).
-33
Let a(q) = -2*q**3 + 3*q**2 + 14*q - 22. Calculate a(3).
-7
Let d(t) = -t**3 - 4*t**2 + 2*t - 7. Calculate d(-5).
8
Let o(g) = g**3 + 8*g**2 + 5*g + 3. Give o(-6).
45
Let j(m) = m**3 + 3*m**2 - 5*m - 15. What is j(0)?
-15
Let j(t) = 5*t**2 + 11*t - 45. Calculate j(3).
33
Let b(l) = l**2 - 32*l + 75. Give b(3).
-12
Let h(r) = r**3 + 50*r**2 + 4*r + 210. Give h(-50).
10
Let n(s) = -s**2 + 11*s - 25. What is n(3)?
-1
Let a(s) = -s**2 - 45*s - 131. Calculate a(-42).
-5
Let c(f) = -3*f - 3. Calculate c(1).
-6
Let c(v) = -v**2 - 24*v + 58. Determine c(-24).
58
Let r(c) = c**3 + 4*c**2 - 3*c + 4. Give r(-5).
-6
Let p(i) = i**3 - 8*i**2 + 11*i - 4. Determine p(7).
24
Let c(u) = u - 2. Give c(-7).
-9
Let z(p) = p**2 - 2*p - 44. Calculate z(7).
-9
Let x(v) = -7*v + 14. Give x(2).
0
Let j(c) = -55*c - 339. Calculate j(-6).
-9
Let z(i) = -i**3 - 4*i**2 + 2*i + 3. Determine z(-3).
-12
Let w(p) = 3*p**2 + 28*p + 14. Give w(-9).
5
Let g(q) = -q**3 - 8*q**2 - 6*q + 5. Give g(-5).
-40
Let y(p) = p**2 + 32*p + 33. What is y(-31)?
2
Let o(r) = 5*r**2 - 22*r + 1. What is o(5)?
16
Let c(h) = h**3 + 14*h**2 + h + 2. Give c(-14).
-12
Let i(f) = f**3 + 12*f**2 - 10*f + 10. Determine i(-13).
-29
Let m(r) = r**2 + 10*r + 1. Determine m(-10).
1
Let b(j) = -5*j + 16. Determine b(-4).
36
Let q(n) = 5*n - 100. Give q(19).
-5
Let p(k) = 14*k**2 - k + 4. What is p(3)?
127
Let s(n) = -14*n - 30. Calculate s(6).
-114
Let p(z) = -23*z - 12. What is p(-1)?
11
Let c(i) = -7*i + 71. Give c(11).
-6
Let r(w) = 41*w - 3. What is r(1)?
38
Let y(z) = 5*z + 29. What is y(-5)?
4
Let s(h) = h**3 - 12*h**2 + 12*h - 6. Calculate s(11).
5
Let i(z) = -z**2 - 11*z - 10. Give i(-9).
8
Let i(m) = -m**3 + 22*m**2 + 8*m - 75. What is i(22)?
101
Let z(v) = -6*v**3 + v**2 + v - 1. Determine z(-1).
5
Let v(u) = -u. Determine v(1).
-1
Let r(a) = -2*a**3 - 3*a**2 + 5. What is r(2)?
-23
Let c(i) = 29*i**3 - i**2 + i - 1. Give c(1).
28
Let j(x) = -x**3 + 9*x**2 - 3*x + 3. Calculate j(9).
-24
Let h(n) = n**3 - 6*n**2 - 16*n + 3. Give h(8).
3
Let u(r) = -7*r + 4. Give u(-8).
60
Let b(s) = 10*s - 46. Determine b(4).
-6
Let d(o) = 7*o + 7. Calculate d(13).
98
Let h(t) = t**3 + 4*t**2 + 7*t - 2. What is h(-5)?
-62
Let f(y) = -y**2 + 4*y + 5. What is f(-3)?
-16
Let v(c) = -c**3 - 4*c**2 - 3*c - 4. Determine v(-4).
8
Let b(m) = m**2 + 3*m - 18. Give b(-5).
-8
Let i(v) = -v**3 - 2*v + 23. What is i(0)?
23
Let q(l) = -18*l**3 - l**2 + l + 2. Give q(-1).
18
Let j(y) = -63*y - 749. Determine j(-12).
7
Let i(x) = x**3 - 16*x**2 - 4*x + 12. Determine i(16).
-52
Let w(s) = -s**3 - 8*s**2 + 5*s + 6. Give w(-8).
-34
Let t(y) = y**2 + 12*y - 26. Calculate t(-13).
-13
Let z(s) = -s**3 + 31*s**2 - 25*s - 149. Determine z(30).
1
Let q(y) = -10*y**2 - 5*y - 4. Determine q(-3).
-79
Let p(a) = -5*a + 33. Calculate p(9).
-12
Let a(x) = x**3 - 3*x**2 + 8*x - 11. Determine a(2).
1
Let b(m) = m**2 + 20*m - 22. Determine b(-21).
-1
Let h(f) = 2*f**2 + f - 10. What is h(-5)?
35
Let w(s) = s**3 + s**2 - s + 1. Calculate w(0).
1
Let y(m) = -2*m**3 - 3*m**2 + 5*m + 4. Give y(-3).
16
Let l(g) = -g**2 - 4*g - 1. Calculate l(-2).
3
Let a(b) = -b**2 - 6*b - 3. Calculate a(-5).
2
Let d(k) = k**2 - 30*k + 139. Give d(22).
-37
Let k(w) = -w**3 + 5*w**2 - 2*w - 12. Give k(6).
-60
Let u(j) = 9*j**2 + 4*j + 3. Give u(-3).
72
Let s(n) = n**2 + 12*n + 27. Calculate s(-10).
7
Let d(q) = q**3 + 8*q**2 + q + 28. Determine d(-8).
20
Let i(g) = 2*g - 39. Give i(19).
-1
Let x(o) = o**3 - 14*o**2 + 2*o - 8. What is x(14)?
20
Let i(q) = 4*q + 107. Calculate i(-31).
-17
Let u(p) = -8*p + 19. Calculate u(-5).
59
Let w(y) = -11*y + 97. Give w(9).
-2
Let p(m) = 54*m**2 + 5*m + 4. Give p(-1).
53
Let q(b) = -b**3 + 3*b**2 + 11*b - 4. Give q(5).
1
Let s(x) = 2*x**2 - 19*x + 2. What is s(11)?
35
Let f(x) = x**2 - 11*x + 46. Give f(5).
16
Let m(d) = -d - 17. What is m(-10)?
-7
Let g(s) = -s**3 + 34*s**2 - 62*s - 58. Calculate g(32).
6
Let w(p) = 3*p + 10. Determine w(-3).
1
Let q(a) = a**3 + 25*a**2 - 2*a - 50. Give q(-25).
0
Let j(l) = l - 10. Determine j(-7).
-17
Let n(d) = 2*d**2 - 5*d + 7. Give n(1).
4
Let d(j) = j**3 - 4*j**2 - 4*j - 2. Give d(4).
-18
Let s(o) = -o**2 + 17*o - 24. Determine s(16).
-8
Let k(a) = a**2 - 11*a + 30. Give k(9).
12
Let d(n) = 7*n + 3. Determine d(3).
24
Let t(x) = x - 8. Calculate t(0).
-8
Let l(a) = a**2 + a + 5. Determine l(0).
5
Let a(l) = l**3 - 43*l**2 - 45*l + 56. Give a(44).
12
Let g(p) = p**2 - 7*p + 45. Determine g(9).
63
Let u(y) = -26*y - 52. Calculate u(-3).
26
Let r(j) = 11*j + 24. What is r(-7)?
-53
Let o(w) = -w**3 - 8*w**2 - 13*w + 2. Calculate o(-4).
-10
Let a(t) = t - 16. Determine a(9).
-7
Let t(p) = 29*p + 2. Calculate t(-4).
-114
Let p(b) = b**2 + 13*b + 8. Give p(-12).
-4
Let o(t) = 35*t - 4. Give o(-1).
-39
Let q(r) = r**2 + r - 12. Give q(-3).
-6
Let j(p) = p + 7. Give j(-12).
-5
Let l(i) = 15*i**2 - 6*i + 2. What is l(1)?
11
Let v(k) = 5*k + 32. What is v(-5)?
7
Let r(h) = -h + 5. Give r(-4).
9
Let u(w) = -20*w - 339. Calculate u(-19).
41
Let j(a) = -2*a - 23. Give j(-11).
-1
Let q(f) = -6*f - 35. Determine q(-6).
1
Let u(l) = -l + 2. Determine u(-7).
9
Let b(x) = -3*x - 26. What is b(-13)?
13
Let v(p) = p**3 - 8*p**2 - 2*p - 2. Calculate v(8).
-18
Let d(q) = q**3 - 3*q**2 - q - 4. Determine d(5).
41
Let p(r) = r**3 + 5*r**2 - 3*r - 5. What is p(-4)?
23
Let p(y) = -y - 56. What is p(-14)?
-42
Let o(v) = v**3 + 6*v**2 + v - 1. What is o(-5)?
19
Let r(z) = -4*z**3 + 39*z**2 + 6*z + 19. Calculate r(10).
-21
Let l(x) = x**3 + 15*x**2 + 26*x + 3. Determine l(-13).
3
Let q(l) = -l - 81. What is q(-30)?
-51
Let w(z) = -5*z + 54. Calculate w(13).
-11
Let u(q) = -23*q + 2. Give u(-2).
48
Let x(v) = -2*v - 71. Give x(-22).
-27
Let o(f) = f**3 + 19*f**2 + 18*f - 2. What is o(-18)?
-2
Let j(z) = 18*z - 51. Determine j(5).
39
Let u(v) = v**3 - 10*v**2 + 14*v. Calculate u(8).
-16
Let l(n) = -n**3 + 26*n**2 + 26*n + 31. Calculate l(27).
4
Let n(h) = -8*h - 105. What is n(-9)?
-33
Let u(c) = c**2 - 3*c - 51. Determine u(-6).
3
Let g(u) = -12*u + 58. Determine g(6).
-14
Let m(l) = l**2 + 68. What is m(0)?
68
Let i(j) = 2*j - 5. Give i(-8).
-21
Let b(n) = 4*n + 7. Give b(-6).
-17
Let v(g) = 7*g**2 + 3*g + 3. Determine v(-2).
25
Let o(j) = j**3 - 4*j**2 - 4*j - 1. Calculate o(4).
-17
Let u(l) = l**3 + 24*l**2 - 28*l + 6. Give u(-25).
81
Let c(w) = -42*w + 1. What is c(1)?
-41
Let k(i) = i**3 - 5*i**2 - 4*i + 3. Calculate k(5).
-17
Let f(g) = -2*g**2 - 32*g + 2. Determine f(-16).
2
Let w(f) = 4*f + 13. Determine w(-8).
-19
Let b(x) = -6*x**2 - 2*x + 1. Give b(1).
-7
Let z(d) = -